(v) = -v**3 + 54*v**2 + 8187*v - 452207. Calculate r(56).
-7
Let k(o) = -38*o**2 + 2288*o - 540. Calculate k(60).
-60
Let g(q) = -q**2 + 112*q + 58794. What is g(311)?
-3095
Let t(q) = -3*q**2 + 408*q - 2221. What is t(130)?
119
Let y(c) = 14145*c + 2772427. Calculate y(-196).
7
Let j(p) = -6*p**3 - 968*p**2 - 315*p + 1126. Determine j(-161).
-1
Let n(l) = 2*l**2 + 50*l + 97. Give n(13).
1085
Let j(d) = 2*d**3 + 11*d**2 - 38*d - 331. Determine j(-9).
-556
Let q(o) = 13*o**2 + 464*o + 1297. Determine q(-3).
22
Let a(u) = u**2 - 59*u + 745. Calculate a(18).
7
Let c(i) = 50*i**3 - 253*i**2 + 2*i - 40. Determine c(5).
-105
Let t(x) = 10*x**3 + 111*x**2 - 2716*x + 1. Give t(-23).
-482
Let r(j) = 20818*j - 416337. Calculate r(20).
23
Let n(t) = -t**2 + 226*t - 10486. Give n(132).
1922
Let i(f) = -4*f**2 + 174*f - 2545. Determine i(28).
-809
Let i(f) = -77*f**2 + 3009*f - 222. What is i(39)?
12
Let h(i) = 567822*i + 2271292. Determine h(-4).
4
Let l(s) = 679978*s + 679981. Determine l(-1).
3
Let b(y) = 10*y**2 - 15236*y + 9139. What is b(1523)?
1
Let i(j) = -322*j - 15452. Give i(-48).
4
Let s(l) = 2*l**3 - 44*l - 24. Determine s(7).
354
Let g(d) = 10*d**2 + 1699*d - 1782. What is g(-170)?
-1612
Let s(l) = -l**3 - 397*l**2 + 238852*l - 1446. Give s(-726).
6
Let z(f) = f**2 - 83*f - 437. Give z(60).
-1817
Let d(i) = 7*i**2 + 944*i + 2840. Determine d(-133).
1111
Let c(p) = 246*p - 406. What is c(-8)?
-2374
Let f(t) = -t**3 + 631*t**2 + 1245*t + 13282. Calculate f(633).
-11
Let v(j) = 3*j**3 + 221*j**2 - 397*j - 23807. What is v(-74)?
95
Let q(f) = -48*f**2 - 291*f + 18. Calculate q(-3).
459
Let p(j) = -12*j**3 + 153*j**2 + 494. Calculate p(13).
-13
Let u(f) = 2*f**2 - 8131*f + 2728021. What is u(369)?
4
Let v(x) = 33*x**2 + 262*x + 48. Determine v(-15).
3543
Let z(l) = -121269*l - 2667972. Determine z(-22).
-54
Let a(i) = 106967*i + 213930. What is a(-2)?
-4
Let z(k) = k**2 - 321*k + 24501. What is z(212)?
1393
Let j(g) = g**2 - 18810*g + 450873. Calculate j(24).
9
Let q(s) = s**2 + 257*s - 194635. Calculate q(-588).
-7
Let d(j) = -12*j**2 + 82. Give d(8).
-686
Let q(x) = 3514*x - 242419. Give q(69).
47
Let n(q) = 4*q**2 - 878*q - 3569. What is n(-4)?
7
Let m(n) = n**2 + 149735*n + 1347407. What is m(-9)?
-127
Let i(k) = 2*k**3 - 23*k**2 - 16*k + 490. What is i(6)?
-2
Let q(z) = 25552*z - 25653. Calculate q(1).
-101
Let j(z) = 2*z**3 + 200*z**2 - 1505*z + 52. Determine j(7).
3
Let t(h) = -6*h**2 - 3180*h - 15813. Calculate t(-5).
-63
Let u(p) = -2*p**2 + 8740*p + 34982. Give u(-4).
-10
Let d(w) = -4459*w - 2590665. What is d(-581)?
14
Let y(p) = 5*p**3 + 8*p**2 + 66*p - 3. Calculate y(-7).
-1788
Let b(m) = 59*m**2 - 230*m + 69. Give b(6).
813
Let g(t) = -t**3 + 2563*t**2 + 96203*t + 13. Determine g(-37).
-98
Let y(m) = -m**2 + 47*m + 393. What is y(-7)?
15
Let g(b) = -4*b**3 - 71*b**2 - 252*b - 12. What is g(-5)?
-27
Let b(m) = 360*m - 152267. What is b(423)?
13
Let v(j) = 2841*j**2 - 3900*j - 3901. Give v(-1).
2840
Let m(r) = -47*r**3 + 5*r**2 + 8. Give m(3).
-1216
Let a(j) = -3*j**2 - 48*j + 2829. Give a(31).
-1542
Let y(g) = -13*g**2 + 1305*g - 290. What is y(102)?
-2432
Let w(h) = 211*h**2 + 1879*h - 181. Calculate w(-9).
-1
Let f(y) = -162*y - 249. Determine f(-2).
75
Let s(z) = 2*z**2 + 3122*z - 37624. Determine s(12).
128
Let x(b) = -b**3 + 83*b**2 - 387*b - 138. What is x(78)?
96
Let z(r) = 1252*r - 60460. Determine z(48).
-364
Let y(f) = -f**2 + 564*f - 22848. What is y(44)?
32
Let f(g) = 2*g**2 - 276*g + 230. Determine f(-19).
6196
Let k(w) = -7*w**2 + 155*w - 724. Give k(11).
134
Let g(d) = -4*d**3 + 39*d**2 - 21*d - 4. What is g(5)?
366
Let u(a) = 9*a**3 - 871*a**2 - 198*a + 111. Give u(97).
-277
Let d(j) = 56*j**2 + 2534*j + 651. Calculate d(-45).
21
Let t(u) = 622*u - 4653. Calculate t(6).
-921
Let v(a) = -399*a**2 + 1311*a - 390. Calculate v(3).
-48
Let l(m) = 2065*m + 15132. Calculate l(-6).
2742
Let b(y) = 3*y**3 - 266*y**2 - 114*y + 2556. What is b(89)?
331
Let q(w) = -28*w**2 + 2296*w + 24. What is q(82)?
24
Let c(g) = 20*g**2 + 15430*g - 15430. Determine c(1).
20
Let x(f) = 11818*f - 57025. Calculate x(5).
2065
Let k(s) = 69962*s - 559687. Calculate k(8).
9
Let o(f) = 80963*f + 4614894. Determine o(-57).
3
Let d(q) = -596*q - 56086. What is d(-94)?
-62
Let p(j) = -3*j**2 + 819*j + 1211. What is p(275)?
-439
Let a(x) = 3*x**3 - 114*x**2 - 117*x - 103. What is a(39)?
-103
Let x(m) = -65*m**3 - 19500*m**2 - m - 99. Calculate x(-300).
201
Let m(w) = -35245*w - 317215. Give m(-9).
-10
Let l(v) = 6*v**2 - 250*v - 100. Calculate l(42).
-16
Let j(x) = 2*x**2 + 151*x + 2531. What is j(-67)?
1392
Let v(r) = -178*r + 1708. Give v(32).
-3988
Let p(x) = -x**3 - 11*x**2 - 58*x - 400. Determine p(-9).
-40
Let u(a) = -22676*a + 3446748. What is u(152)?
-4
Let n(b) = b**2 + 17848*b - 1002638. Give n(56).
-14
Let a(n) = 941*n + 56374. Determine a(-62).
-1968
Let d(k) = -3*k**2 + 3750*k + 64582. What is d(-17)?
-35
Let m(v) = 4*v**3 + 323*v**2 - 86*v - 402. What is m(-81)?
3
Let b(p) = -3*p**2 - 336*p - 4522. Determine b(-16).
86
Let k(b) = -b**3 - 1098*b**2 + 5490*b - 27578. What is k(-1103)?
-3
Let u(x) = -2946*x - 17444. Determine u(-6).
232
Let o(n) = -n**3 - 154*n**2 - 706*n - 84611. Determine o(-153).
-2
Let a(o) = -329*o**2 - 130236*o + 19004. Calculate a(-396).
-4
Let y(o) = 3*o**2 - 44*o - 1039. Calculate y(28).
81
Let q(l) = -l**2 + 251*l - 2048. What is q(243)?
-104
Let x(l) = 775772*l + 9309273. Determine x(-12).
9
Let z(k) = k**3 + 157*k**2 + 811*k + 77615. Give z(-155).
-40
Let z(i) = i**3 + 3*i**2 + 522*i + 3775. Determine z(-7).
-75
Let f(k) = -3659*k - 21455. Calculate f(-6).
499
Let u(s) = -5013*s + 140387. Calculate u(28).
23
Let y(b) = 92042*b - 552161. Give y(6).
91
Let x(p) = 412*p - 62. Calculate x(0).
-62
Let l(a) = -2*a**3 + 58*a**2 + 2465*a - 71489. Calculate l(29).
-4
Let d(a) = 6*a**2 - 1621*a + 6428. Give d(4).
40
Let z(y) = -3*y**3 - 59*y**2 + 1527*y + 2200. What is z(-34)?
-10
Let w(u) = -69411*u + 13257507. Give w(191).
6
Let g(o) = o**3 + 49*o**2 - 705*o - 36156. Determine g(-48).
-12
Let x(z) = -618*z**2 + 5498*z + 6901. Give x(10).
81
Let j(b) = 99*b**2 + 1734*b + 3095. Calculate j(-2).
23
Let o(b) = -169*b**2 - 512*b + 17. Give o(-3).
32
Let f(a) = -a**3 + 35*a**2 - 5*a + 1485. What is f(36)?
9
Let k(v) = 37*v**2 + 2215*v - 2245. Give k(1).
7
Let j(x) = 266268*x + 3727782. Give j(-14).
30
Let f(d) = 4*d**3 + 31*d**2 - 63*d - 424. Determine f(-8).
16
Let s(y) = y**3 - 41*y**2 - 71*y - 651. Give s(43).
-6
Let q(g) = -2012*g + 1448650. Calculate q(720).
10
Let t(b) = -2*b**3 - 3*b**2 + 82*b - 351. Calculate t(9).
-1314
Let q(l) = -l**2 + 8*l + 759. What is q(38)?
-381
Let i(c) = -c**2 + 1273*c + 15376. Calculate i(-12).
-44
Let b(h) = 20*h**2 - 1098*h - 3292. What is b(-3)?
182
Let k(b) = -2*b**2 - 35226*b + 5508078. Determine k(155).
-2
Let z(v) = v**2 - 12963*v + 413715. Calculate z(32).
-77
Let t(x) = 83*x**2 + 681*x + 1359. Calculate t(-5).
29
Let k(q) = 11*q**2 + 189*q + 8. Determine k(-16).
-200
Let z(f) = -f**2 + 5427*f - 16264. Calculate z(3).
8
Let k(g) = g**3 + 13*g**2 + 28*g - 184. Give k(-17).
-1816
Let a(o) = -11*o**2 + 76*o - 366. What is a(4)?
-238
Let y(s) = 241*s**3 - 26*s**2 - 27*s. What is y(-1)?
-240
Let d(u) = u**3 + 26*u**2 - 591*u + 2297. Determine d(9).
-187
Let y(l) = 19*l**2 + 3468*l + 44828. Calculate y(-14).
0
Let z(f) = 3613*f - 10851. What is z(3)?
-12
Let y(i) = 3076*i - 129196. Give y(42).
-4
Let l(s) = -11*s**2 - 280*s + 102. Give l(-26).
-54
Let y(k) = 2*k**2 + 139*k + 76. Calculate y(-67).
-259
Let u(w) = w**3 - 263*w**2 - 15982*w + 1624. What is u(-51)?
-8
Let i(h) = 3*h**2 + 735*h - 22914. What is i(28)?
18
Let m(f) = -17617*f + 1426969. Calculate m(81).
-8
Let f(h) = 378*h**2 - 3279*h - 20. What is f(9)?
1087
Let i(y) = -10899*y - 294626. What is i(-27)?
-353
Let h(i) = -373813*i + 7102449. What is h(19)?
2
Let q(a) = 665*a - 16616. Determine q(21).
-2651
Let t(k) = 13*k**2 - 15*k + 106. Give t(3).
178
Let l(f) = -32*f - 5602. Calculate l(-175).
-2
Let g(k) = 2415*k - 661. Calculate g(0).
-661
Let z(s) = -2*s**3 + 1618*s**2 + 1035664*s - 4915. Determine z(1230).
5
Let a(y) = 5*y**3 + 3016*y**2 - 5444*y + 616. Determine a(-605).
11
Let n(t) = 2*t**3 + 233*t**2 + 1440*t + 1038.